actors of d?
2, 5, 7
Let c = 10004 - -3158. What are the prime factors of c?
2, 6581
Let d = 5388 - 3288. Suppose 0 = -7*m + d + 658. List the prime factors of m.
2, 197
Let b be ((-36)/(-10))/((-114)/(-1520)). What are the prime factors of (-6)/b + 20223/56?
19
Suppose -35*r + 47*r = 32*r - 547720. List the prime factors of r.
2, 13693
Suppose -2*l + 2*w = -11374, 14*l - 19*l + 28445 = 5*w. List the prime factors of l.
2, 3, 79
Let l = 94 + -57. Let k = l + -33. Suppose 3*q + 52 = x - k, -10 = 5*q. What are the prime factors of x?
2, 5
Suppose 5*o + 14464 = 2*b - 6012, -4*o + 24 = 0. List the prime factors of b.
10253
Suppose h + 19*i - 13 = 16*i, 20 = 4*i. What are the prime factors of (-989 + -22)/((-6)/h - 4)?
3, 337
Suppose -156 + 300 = -p. List the prime factors of 788*(-189)/p - 6/(-8).
3, 5, 23
What are the prime factors of ((-22)/10*(-20)/8)/(4/7576)?
11, 947
Let s(l) = -7*l + 33. Let q be s(4). Suppose 0 = q*i - 306 + 36. What are the prime factors of i?
2, 3
Suppose 63 + 406 = c. Suppose c + 280 = y - 2*x, -y - 5*x + 742 = 0. What are the prime factors of y?
3, 83
Let b(u) = -u**2 - 3*u + 12. Let k be b(-19). Let y = k - -590. What are the prime factors of y?
2, 149
Let v(p) = -p**3 + 7*p**2 + 6*p - 14. Let n be v(8). Let a = -29 - n. Suppose -3*k + 20 = -d, -k + 3 = -3*d - a. List the prime factors of k.
7
Let i(w) = w**3 + 8*w**2 - 28*w - 24. Let y be i(-11). Let p = 191 - y. List the prime factors of p.
2, 3, 5
Suppose 5*z + 61 = 31. Let g be z/(-5) - 5/25. List the prime factors of 1/(-4)*g - (-1758)/24.
73
Let z(y) = 46*y**2 + 102*y - 229. List the prime factors of z(18).
11, 19, 79
Let d(b) = -1581*b + 108. List the prime factors of d(-7).
3, 5, 149
Let x = 25315 + -17989. List the prime factors of x.
2, 3, 11, 37
Let i = -282 + 428. Suppose -11*n = -2951 + i. What are the prime factors of n?
3, 5, 17
Let c be ((-2896)/(-6))/(102/153). Suppose -182*f = -184*f + c. List the prime factors of f.
2, 181
Suppose 62*r - 442288 = 87754 + 125918. What are the prime factors of r?
2, 5, 23
Let f(l) = l**2 + 21*l + 116. Let o(s) = 5*s**2 + 17*s - 2. Let i be o(-2). What are the prime factors of f(i)?
2, 3
Let t(c) = -4660*c + 412. What are the prime factors of t(-2)?
2, 3, 811
Let x(r) = -r**3 + 30*r**2 - 19*r - 45. Let w = 120 + -91. List the prime factors of x(w).
5, 7
Let s(m) = -4*m**3 - 22*m**2 - 14*m + 20. Suppose -2*i = -3*i - c - 9, -2*i + 2*c = 14. What are the prime factors of s(i)?
2, 193
Suppose 3*b = -4*i + 49, 2*b - i = -0 + 18. Let o(k) = -b*k - k**3 + 2*k**3 - 2 + 12 - 11*k**2. List the prime factors of o(12).
2, 11
What are the prime factors of (5 + -12726)/((-3)/(-6)*(-2 + 0))?
12721
Let b(n) = -841*n + 362. List the prime factors of b(-9).
7, 11, 103
What are the prime factors of (-275404)/(-30) + (-22)/165 - -2?
2, 4591
Let m(q) = 189*q - 6. Let j = -135 - -137. List the prime factors of m(j).
2, 3, 31
Suppose 3*x - 116 = 235. Suppose 423 = o - 2*z + 411, o + 2 = -5*z. Let r = x - o. What are the prime factors of r?
109
Suppose -3*h - 21 = 3*a - 6*a, 4*a = -h + 23. Suppose -2*g = 3*l - 496, 4*g + a*l - 990 = l. List the prime factors of g.
5, 7
Let s(w) = -36 - 5*w**2 + w**2 + w**3 + 5*w + 221 + 5*w**2. What are the prime factors of s(0)?
5, 37
Suppose c - 5*g = -c - 10, 4*c + 4*g - 8 = 0. Suppose 0 = 12*r - c*r - 4452. List the prime factors of r.
7, 53
Suppose -295*w + 163583 + 105444 = -258*w. What are the prime factors of w?
11, 661
Suppose 125*y + 40 = 135*y. Suppose 3*m - 274 = 4*h - 5*h, 1403 = 5*h + y*m. What are the prime factors of h?
283
Suppose 11*s - 34*s = 23. List the prime factors of -5 + 5 + -1 + (s - -1232).
2, 3, 5, 41
Suppose 4*d - 4650 = 3*o + 5765, -4*d = 3*o - 10385. What are the prime factors of d?
2, 5, 13
Suppose -x + 4*x - 140 = q, 0 = -5*q + 3*x - 712. Let d = q + 91. Let l = -33 - d. What are the prime factors of l?
19
Suppose -228 = 794*w - 792*w. What are the prime factors of (3 + -4)*2 - (w + -10)?
2, 61
Let a(f) = f**3 + 27*f**2 - 42*f + 3. What are the prime factors of a(-20)?
3643
List the prime factors of (-470)/(-3525) + (-72386)/(-30).
19, 127
Let m(i) = i**3 + 31*i**2 + 31*i + 27. Let z be m(-30). Let d(r) = -36*r - 16. List the prime factors of d(z).
2, 23
Let h = -99 - 102. Let a = h - -223. List the prime factors of a.
2, 11
Let m be 24/(-21)*35/(-10). Let u be 2*m*1/(-2). List the prime factors of 1072/80 - u/(-10).
13
Suppose 2*b - 2*w + 5 = 19, -4*b + 2*w + 20 = 0. What are the prime factors of (-15)/(-4)*(b + 573/9)?
2, 5
Suppose 3*b + b - 72 = 0. Let h = b + 2. What are the prime factors of (210/(-2))/(5/(h/(-6)))?
2, 5, 7
Suppose -112*o = -39*o - 2851307. What are the prime factors of o?
139, 281
Let t be ((-4380)/14)/(-2 - (-39)/21). Suppose -b = -11*b - t. Let o = b - -369. List the prime factors of o.
2, 3, 5
Let p = 30 - 36. Let q be (-423)/p + (-3)/(-2). Suppose -f + q = -13. What are the prime factors of f?
5, 17
Let u(s) = 11*s - 2. Let q be u(-2). Let y be q/6 - 8/(-4). What are the prime factors of 4 + y - (-53 - 13)?
2, 17
Suppose -2*t + 60 = -5*z - 406, 2*z = 3*t - 699. Let p = t - -790. What are the prime factors of p?
3, 11, 31
Let u(h) = 8079*h**2 + 260*h - 4. What are the prime factors of u(-2)?
2, 1987
Let r = -21 + -3. Let f = r + 28. Let y = 59 + f. What are the prime factors of y?
3, 7
Let q be (928/64)/(2/16). Let g = 107 + q. Let c = 341 - g. List the prime factors of c.
2, 59
Suppose -2*a + 18542 = -3*y, 5*a - 46381 = 16*y - 15*y. What are the prime factors of a?
9277
Let n(o) = 540*o + 2306. What are the prime factors of n(27)?
2, 8443
Let l = -103 - -157. Suppose 1704 = -l*k + 58*k. List the prime factors of k.
2, 3, 71
Let l = -224 - -238. Suppose 19*f = l*f - 5*i + 2430, -3*i - 1458 = -3*f. What are the prime factors of f?
2, 3
Let m be 22/(-5)*60/(-8). List the prime factors of m/55 + 1142/5.
229
Suppose -4*k + a - 17 = -k, k + 5*a = -11. Let c be (8/3 + -2)/(k/(-18)). Suppose 0 = -5*g - z + 591, -5*z + 174 + 44 = c*g. What are the prime factors of g?
7, 17
Suppose -4*v = -9*v + 25. Suppose 256 = v*w - 534. Suppose -129 - 233 = -5*a + 4*g, 0 = -2*a - 5*g + w. What are the prime factors of a?
2, 37
Let c = 19416 - -15171. List the prime factors of c.
3, 7, 61
Let h be -3 + (-3 - -3) + 8. Suppose -h*p = 5, 0 = 3*j - j - 2*p - 1106. Let l = -373 + j. List the prime factors of l.
179
Let v(t) = t**2 + 4*t + 31. Let j = 107 + -100. What are the prime factors of v(j)?
2, 3
Let v(b) = b**2 - b - 7. Let u be v(4). Let x be 12/(-20) - (2 + (-83)/u). List the prime factors of x/4*(39 - 9).
3, 5, 7
Suppose -3739 - 5894 = -19*h. What are the prime factors of h?
3, 13
List the prime factors of (195 - 39)*179/4.
3, 13, 179
Let d(i) = -i**3 + 3*i**2 - i + 3. Let z be d(2). Suppose -z*f = 2*f - 70. Suppose f*r - 324 = 6*r. What are the prime factors of r?
3
Let n = -4209 + 5436. List the prime factors of n.
3, 409
Let u be (-1418)/4 + (-3)/(-6). What are the prime factors of u*(120/16)/(-15)?
3, 59
Suppose 2*w - 4*w + 2333 = -3*y, 0 = -5*w + 5*y + 5820. Suppose -4*z + j + 1184 = 5*j, -j = -4*z + w. What are the prime factors of z?
3, 97
Let p(f) = f**3 - 4*f**2 + f + 4. Let j be p(3). What are the prime factors of (-87)/(-4) + j/(-8)?
2, 11
Let k = 7128 + 13090. List the prime factors of k.
2, 11, 919
List the prime factors of 12609/18*(24 - 6).
3, 467
Suppose -11125 = -4*r + 5*j + 65634, 2*r - 5*j = 38367. What are the prime factors of r?
2, 4799
Let w = -11123 - -17638. What are the prime factors of w?
5, 1303
What are the prime factors of (2 + (-626)/(-4))/(211/17302)?
41, 317
Let h(z) = z**2 - 13*z - 10. Let k be h(14). Let v = 190 - 6. Suppose -4*t + 3*y + 364 = 0, -2*t - k*y - 2 = -v. List the prime factors of t.
7, 13
Let x(p) = -15*p + 37. Suppose 4*l = 6*l + 4. Let z be 4/l - (-9)/(6 + -9). List the prime factors of x(z).
2, 7
Suppose 7*l + 2*l + 3699 = 0. Let n = 607 + l. Suppose -4*y + n - 40 = 0. List the prime factors of y.
3, 13
Let k(z) = -1 + 236*z**2 - 16 - 13*z - 218*z**2 - z**3. Let c be k(16). Let d = c + -101. List the prime factors of d.
2, 3, 31
Let z(n) = 5*n - 5. Let s be z(2). Suppose s*t = g + 38 - 15, -1 = 2*t + 3*g. List the prime factors of t + (92 - ((-1 - -1) + -2)).
2, 7
Let f = 224 - 212. Suppose 0 = -f*d + 912 + 780. Lis